{"id":18,"date":"2022-08-14T10:38:44","date_gmt":"2022-08-14T08:38:44","guid":{"rendered":"https:\/\/bartz.digital\/?page_id=18"},"modified":"2026-02-13T16:22:11","modified_gmt":"2026-02-13T15:22:11","slug":"bartz-it","status":"publish","type":"page","link":"https:\/\/phbh.de\/bartz-it\/","title":{"rendered":"Bartz-IT"},"content":{"rendered":"\n<div class=\"wp-block-cover alignwide is-light is-style-rounded\" style=\"min-height:430px;aspect-ratio:unset;\"><img loading=\"lazy\" decoding=\"async\" width=\"1024\" height=\"683\" class=\"wp-block-cover__image-background wp-image-40\" alt=\"\" src=\"https:\/\/phbh.de\/bartz-it\/wp-content\/uploads\/2022\/08\/computer-desk-electronics-indoors-374074-1024x683-1.jpg\" data-object-fit=\"cover\" srcset=\"https:\/\/phbh.de\/bartz-it\/wp-content\/uploads\/2022\/08\/computer-desk-electronics-indoors-374074-1024x683-1.jpg 1024w, https:\/\/phbh.de\/bartz-it\/wp-content\/uploads\/2022\/08\/computer-desk-electronics-indoors-374074-1024x683-1-300x200.jpg 300w, https:\/\/phbh.de\/bartz-it\/wp-content\/uploads\/2022\/08\/computer-desk-electronics-indoors-374074-1024x683-1-768x512.jpg 768w\" sizes=\"auto, (max-width: 1024px) 100vw, 1024px\" \/><span aria-hidden=\"true\" class=\"wp-block-cover__background has-very-dark-gray-background-color has-background-dim-40 has-background-dim\"><\/span><div class=\"wp-block-cover__inner-container is-layout-flow wp-block-cover-is-layout-flow\">\n<p class=\"has-text-align-center is-style-rounded has-large-font-size\"><strong><span style=\"color:#00f7ff\" class=\"has-inline-color\">Ihre Webseite zum kleinen Preis<\/span><\/strong><\/p>\n<\/div><\/div>\n\n\n\n<div style=\"height:20px\" aria-hidden=\"true\" class=\"wp-block-spacer\"><\/div>\n\n\n\n<h1 class=\"wp-block-heading\"><em>Wir sind Ihr Partner in<\/em><br><b>Programmierung und Design<\/b><\/h1>\n\n\n\n<div style=\"height:20px\" aria-hidden=\"true\" class=\"wp-block-spacer\"><\/div>\n\n\n\n<p class=\"has-medium-font-size\">Die Erstellung einer ansprechenden Web-Pr\u00e4senz nach modernsten Gesichtspunkten zur Steigerung der Bekanntheit, der Neukundengewinnung und Kunden-Information ist heutzutage wichtiger denn je. Vor allem die Coronakrise f\u00fchrt viele Kunden immer st\u00e4rker in die digitale Welt. Viele Kunden nutzen daf\u00fcr gro\u00dfe Plattformen, wie Amazon, Google oder Alibaba. Dennoch wollen die meisten Kunden eine Webseite zu jeder Firma\/Organisation finden k\u00f6nnen, um einen pers\u00f6hnlichen Ansprechpartner zu haben.<br>Kontaktieren Sie uns mit Ihren Anforderungen und lassen Sie sich von einem hervorragenden Preis-Leistungsverh\u00e4ltnis \u00fcberraschen!<\/p>\n\n\n\n<div style=\"height:20px\" aria-hidden=\"true\" class=\"wp-block-spacer\"><\/div>\n\n\n\n<div class=\"wp-block-media-text is-stacked-on-mobile is-vertically-aligned-center is-image-fill-element is-style-rounded\" style=\"grid-template-columns:42% auto\"><figure class=\"wp-block-media-text__media\"><img loading=\"lazy\" decoding=\"async\" width=\"1024\" height=\"680\" src=\"https:\/\/phbh.de\/bartz-it\/wp-content\/uploads\/2022\/08\/blur-close-up-code-computer-546819-1024x680-1.jpg\" alt=\"\" class=\"wp-image-39 size-medium\" style=\"object-position:50% 50%\" srcset=\"https:\/\/phbh.de\/bartz-it\/wp-content\/uploads\/2022\/08\/blur-close-up-code-computer-546819-1024x680-1.jpg 1024w, https:\/\/phbh.de\/bartz-it\/wp-content\/uploads\/2022\/08\/blur-close-up-code-computer-546819-1024x680-1-300x199.jpg 300w, https:\/\/phbh.de\/bartz-it\/wp-content\/uploads\/2022\/08\/blur-close-up-code-computer-546819-1024x680-1-768x510.jpg 768w\" sizes=\"auto, (max-width: 1024px) 100vw, 1024px\" \/><\/figure><div class=\"wp-block-media-text__content\">\n<div style=\"height:15px\" aria-hidden=\"true\" class=\"wp-block-spacer\"><\/div>\n\n\n\n<p class=\"has-medium-font-size\">Bei besonders anspruchsvollen Projekten arbeiten wir auf Wunsch auch mit erfahrenen Grafikdesignern und Fotografen zusammen, die hochgradig professionelle Ergebnisse liefern.<\/p>\n\n\n\n<div style=\"height:15px\" aria-hidden=\"true\" class=\"wp-block-spacer\"><\/div>\n<\/div><\/div>\n\n\n\n<div class=\"wp-block-media-text has-media-on-the-right is-stacked-on-mobile is-vertically-aligned-center is-image-fill-element is-style-rounded\" style=\"grid-template-columns:auto 42%\"><div class=\"wp-block-media-text__content\">\n<div style=\"height:25px\" aria-hidden=\"true\" class=\"wp-block-spacer\"><\/div>\n\n\n\n<p class=\"has-medium-font-size\">Zusammen mit unserem Partner bieten wir Ihnen nicht nur eine Webseite, sondern auch ein Komplettes Webhosting an &#8211; samt E-Mail.<\/p>\n\n\n\n<div style=\"height:15px\" aria-hidden=\"true\" class=\"wp-block-spacer\"><\/div>\n<\/div><figure class=\"wp-block-media-text__media\"><img loading=\"lazy\" decoding=\"async\" width=\"1024\" height=\"684\" src=\"https:\/\/phbh.de\/bartz-it\/wp-content\/uploads\/2022\/08\/bandwidth-close-up-computer-connection-1148820-1024x684-1.jpg\" alt=\"\" class=\"wp-image-38 size-medium\" style=\"object-position:50% 50%\" srcset=\"https:\/\/phbh.de\/bartz-it\/wp-content\/uploads\/2022\/08\/bandwidth-close-up-computer-connection-1148820-1024x684-1.jpg 1024w, https:\/\/phbh.de\/bartz-it\/wp-content\/uploads\/2022\/08\/bandwidth-close-up-computer-connection-1148820-1024x684-1-300x200.jpg 300w, https:\/\/phbh.de\/bartz-it\/wp-content\/uploads\/2022\/08\/bandwidth-close-up-computer-connection-1148820-1024x684-1-768x513.jpg 768w\" sizes=\"auto, (max-width: 1024px) 100vw, 1024px\" \/><\/figure><\/div>\n\n\n\n<div style=\"height:20px\" aria-hidden=\"true\" class=\"wp-block-spacer\"><\/div>\n\n\n\n<p class=\"has-medium-font-size\">Wir beraten Sie bei der Entwicklung eines Konzeptes f\u00fcr Ihren Internetauftritt und realisieren in Anschluss Ihre Webseite nach den gemeinsam erarbeiteten Grunds\u00e4tzen. Wir bieten Ihnen von der Erstellung einer reinen HTML-Seite, die der einfachen Selbstdarstellung Ihrer Dienste dient, bis zur Implementierung komplexerer CMS-Systeme genau was Sie brauchen.<\/p>\n\n\n\n<div style=\"height:40px\" aria-hidden=\"true\" class=\"wp-block-spacer\"><\/div>\n\n\n\n<h2 class=\"wp-block-heading\">Das sind wir<\/h2>\n\n\n\n<p class=\"has-medium-font-size\">Bei Bartz-IT k\u00fcmmern wir uns um die Konzeptionierung, Umsetzung und Betreuung von Webangeboten. Zu unseren Kunden z\u00e4hlen einige Interessenvertretungen, Unternehmen und Vereine.<\/p>\n\n\n\n<p class=\"standart has-medium-font-size\">Damit arbeiten wir: <br><font style=\"font-size:23px\"><span class=\"simple-icon-wordpress\" style=\"fill:#21759B;\"><svg role=\"img\" viewBox=\"0 0 24 24\" xmlns=\"http:\/\/www.w3.org\/2000\/svg\"><title>WordPress<\/title><path d=\"M21.469 6.825c.84 1.537 1.318 3.3 1.318 5.175 0 3.979-2.156 7.456-5.363 9.325l3.295-9.527c.615-1.54.82-2.771.82-3.864 0-.405-.026-.78-.07-1.11m-7.981.105c.647-.03 1.232-.105 1.232-.105.582-.075.514-.93-.067-.899 0 0-1.755.135-2.88.135-1.064 0-2.85-.15-2.85-.15-.585-.03-.661.855-.075.885 0 0 .54.061 1.125.09l1.68 4.605-2.37 7.08L5.354 6.9c.649-.03 1.234-.1 1.234-.1.585-.075.516-.93-.065-.896 0 0-1.746.138-2.874.138-.2 0-.438-.008-.69-.015C4.911 3.15 8.235 1.215 12 1.215c2.809 0 5.365 1.072 7.286 2.833-.046-.003-.091-.009-.141-.009-1.06 0-1.812.923-1.812 1.914 0 .89.513 1.643 1.06 2.531.411.72.89 1.643.89 2.977 0 .915-.354 1.994-.821 3.479l-1.075 3.585-3.9-11.61.001.014zM12 22.784c-1.059 0-2.081-.153-3.048-.437l3.237-9.406 3.315 9.087c.024.053.05.101.078.149-1.12.393-2.325.609-3.582.609M1.211 12c0-1.564.336-3.05.935-4.39L7.29 21.709C3.694 19.96 1.212 16.271 1.211 12M12 0C5.385 0 0 5.385 0 12s5.385 12 12 12 12-5.385 12-12S18.615 0 12 0\" \/><\/svg><\/span> <span class=\"simple-icon-nextcloud\" style=\"fill:#0082C9;\"><svg role=\"img\" viewBox=\"0 0 24 24\" xmlns=\"http:\/\/www.w3.org\/2000\/svg\"><title>Nextcloud<\/title><path d=\"M12.018 6.537c-2.5 0-4.6 1.712-5.241 4.015-.56-1.232-1.793-2.105-3.225-2.105A3.569 3.569 0 0 0 0 12a3.569 3.569 0 0 0 3.552 3.553c1.432 0 2.664-.874 3.224-2.106.641 2.304 2.742 4.016 5.242 4.016 2.487 0 4.576-1.693 5.231-3.977.569 1.21 1.783 2.067 3.198 2.067A3.568 3.568 0 0 0 24 12a3.569 3.569 0 0 0-3.553-3.553c-1.416 0-2.63.858-3.199 2.067-.654-2.284-2.743-3.978-5.23-3.977zm0 2.085c1.878 0 3.378 1.5 3.378 3.378 0 1.878-1.5 3.378-3.378 3.378A3.362 3.362 0 0 1 8.641 12c0-1.878 1.5-3.378 3.377-3.378zm-8.466 1.91c.822 0 1.467.645 1.467 1.468s-.644 1.467-1.467 1.468A1.452 1.452 0 0 1 2.085 12c0-.823.644-1.467 1.467-1.467zm16.895 0c.823 0 1.468.645 1.468 1.468s-.645 1.468-1.468 1.468A1.452 1.452 0 0 1 18.98 12c0-.823.644-1.467 1.467-1.467z\" \/><\/svg><\/span> <span class=\"simple-icon-wikipedia\" style=\"fill:#000000;\"><svg role=\"img\" viewBox=\"0 0 24 24\" xmlns=\"http:\/\/www.w3.org\/2000\/svg\"><title>Wikipedia<\/title><path d=\"M12.09 13.119c-.936 1.932-2.217 4.548-2.853 5.728-.616 1.074-1.127.931-1.532.029-1.406-3.321-4.293-9.144-5.651-12.409-.251-.601-.441-.987-.619-1.139-.181-.15-.554-.24-1.122-.271C.103 5.033 0 4.982 0 4.898v-.455l.052-.045c.924-.005 5.401 0 5.401 0l.051.045v.434c0 .119-.075.176-.225.176l-.564.031c-.485.029-.727.164-.727.436 0 .135.053.33.166.601 1.082 2.646 4.818 10.521 4.818 10.521l.136.046 2.411-4.81-.482-1.067-1.658-3.264s-.318-.654-.428-.872c-.728-1.443-.712-1.518-1.447-1.617-.207-.023-.313-.05-.313-.149v-.468l.06-.045h4.292l.113.037v.451c0 .105-.076.15-.227.15l-.308.047c-.792.061-.661.381-.136 1.422l1.582 3.252 1.758-3.504c.293-.64.233-.801.111-.947-.07-.084-.305-.22-.812-.24l-.201-.021c-.052 0-.098-.015-.145-.051-.045-.031-.067-.076-.067-.129v-.427l.061-.045c1.247-.008 4.043 0 4.043 0l.059.045v.436c0 .121-.059.178-.193.178-.646.03-.782.095-1.023.439-.12.186-.375.589-.646 1.039l-2.301 4.273-.065.135 2.792 5.712.17.048 4.396-10.438c.154-.422.129-.722-.064-.895-.197-.172-.346-.273-.857-.295l-.42-.016c-.061 0-.105-.014-.152-.045-.043-.029-.072-.075-.072-.119v-.436l.059-.045h4.961l.041.045v.437c0 .119-.074.18-.209.18-.648.03-1.127.18-1.443.421-.314.255-.557.616-.736 1.067 0 0-4.043 9.258-5.426 12.339-.525 1.007-1.053.917-1.503-.031-.571-1.171-1.773-3.786-2.646-5.71l.053-.036z\" \/><\/svg><\/span><\/font> <font style=\"font-size:23px\"><span class=\"simple-icon-html5\" style=\"fill:#E34F26;\"><svg role=\"img\" viewBox=\"0 0 24 24\" xmlns=\"http:\/\/www.w3.org\/2000\/svg\"><title>HTML5<\/title><path d=\"M1.5 0h21l-1.91 21.563L11.977 24l-8.564-2.438L1.5 0zm7.031 9.75l-.232-2.718 10.059.003.23-2.622L5.412 4.41l.698 8.01h9.126l-.326 3.426-2.91.804-2.955-.81-.188-2.11H6.248l.33 4.171L12 19.351l5.379-1.443.744-8.157H8.531z\" \/><\/svg><\/span> <span class=\"simple-icon-php\" style=\"fill:#777BB4;\"><svg role=\"img\" viewBox=\"0 0 24 24\" xmlns=\"http:\/\/www.w3.org\/2000\/svg\"><title>PHP<\/title><path d=\"M7.01 10.207h-.944l-.515 2.648h.838c.556 0 .97-.105 1.242-.314.272-.21.455-.559.55-1.049.092-.47.05-.802-.124-.995-.175-.193-.523-.29-1.047-.29zM12 5.688C5.373 5.688 0 8.514 0 12s5.373 6.313 12 6.313S24 15.486 24 12c0-3.486-5.373-6.312-12-6.312zm-3.26 7.451c-.261.25-.575.438-.917.551-.336.108-.765.164-1.285.164H5.357l-.327 1.681H3.652l1.23-6.326h2.65c.797 0 1.378.209 1.744.628.366.418.476 1.002.33 1.752a2.836 2.836 0 0 1-.305.847c-.143.255-.33.49-.561.703zm4.024.715l.543-2.799c.063-.318.039-.536-.068-.651-.107-.116-.336-.174-.687-.174H11.46l-.704 3.625H9.388l1.23-6.327h1.367l-.327 1.682h1.218c.767 0 1.295.134 1.586.401s.378.7.263 1.299l-.572 2.944h-1.389zm7.597-2.265a2.782 2.782 0 0 1-.305.847c-.143.255-.33.49-.561.703a2.44 2.44 0 0 1-.917.551c-.336.108-.765.164-1.286.164h-1.18l-.327 1.682h-1.378l1.23-6.326h2.649c.797 0 1.378.209 1.744.628.366.417.477 1.001.331 1.751zM17.766 10.207h-.943l-.516 2.648h.838c.557 0 .971-.105 1.242-.314.272-.21.455-.559.551-1.049.092-.47.049-.802-.125-.995s-.524-.29-1.047-.29z\" \/><\/svg><\/span> <span class=\"simple-icon-javascript\" style=\"fill:#F7DF1E;\"><svg role=\"img\" viewBox=\"0 0 24 24\" xmlns=\"http:\/\/www.w3.org\/2000\/svg\"><title>JavaScript<\/title><path d=\"M0 0h24v24H0V0zm22.034 18.276c-.175-1.095-.888-2.015-3.003-2.873-.736-.345-1.554-.585-1.797-1.14-.091-.33-.105-.51-.046-.705.15-.646.915-.84 1.515-.66.39.12.75.42.976.9 1.034-.676 1.034-.676 1.755-1.125-.27-.42-.404-.601-.586-.78-.63-.705-1.469-1.065-2.834-1.034l-.705.089c-.676.165-1.32.525-1.71 1.005-1.14 1.291-.811 3.541.569 4.471 1.365 1.02 3.361 1.244 3.616 2.205.24 1.17-.87 1.545-1.966 1.41-.811-.18-1.26-.586-1.755-1.336l-1.83 1.051c.21.48.45.689.81 1.109 1.74 1.756 6.09 1.666 6.871-1.004.029-.09.24-.705.074-1.65l.046.067zm-8.983-7.245h-2.248c0 1.938-.009 3.864-.009 5.805 0 1.232.063 2.363-.138 2.711-.33.689-1.18.601-1.566.48-.396-.196-.597-.466-.83-.855-.063-.105-.11-.196-.127-.196l-1.825 1.125c.305.63.75 1.172 1.324 1.517.855.51 2.004.675 3.207.405.783-.226 1.458-.691 1.811-1.411.51-.93.402-2.07.397-3.346.012-2.054 0-4.109 0-6.179l.004-.056z\" \/><\/svg><\/span> <span class=\"simple-icon-css3\" style=\"fill:#1572B6;\"><svg role=\"img\" viewBox=\"0 0 24 24\" xmlns=\"http:\/\/www.w3.org\/2000\/svg\"><title>CSS3<\/title><path d=\"M1.5 0h21l-1.91 21.563L11.977 24l-8.565-2.438L1.5 0zm17.09 4.413L5.41 4.41l.213 2.622 10.125.002-.255 2.716h-6.64l.24 2.573h6.182l-.366 3.523-2.91.804-2.956-.81-.188-2.11h-2.61l.29 3.855L12 19.288l5.373-1.53L18.59 4.414z\" \/><\/svg><\/span> <span class=\"simple-icon-apache\" style=\"fill:#D22128;\"><svg role=\"img\" viewBox=\"0 0 24 24\" xmlns=\"http:\/\/www.w3.org\/2000\/svg\"><title>Apache<\/title><path d=\"M17.805 2.197v.066h.156v.44h.072v-.44h.156v-.066zm.9 0l-.175.353-.172-.353h-.087v.506h.067V2.3l.172.35h.045l.172-.35v.404h.066v-.506zm-4.257 1c-.204.31-.424.66-.66 1.06l-.04.062a44.457 44.457 0 00-1.265 2.29c-.187.36-.38.742-.577 1.146l2.267-.25c.66-.302.955-.578 1.242-.976a15.5 15.5 0 00.23-.342c.23-.363.46-.763.663-1.16.197-.386.37-.767.505-1.11.083-.22.15-.422.198-.6.042-.158.074-.307.1-.45-.884.15-1.965.295-2.668.33zM11.894 7.78l-.077.16c-.078.16-.157.32-.236.488-.086.18-.172.364-.26.552l-.132.287a75.265 75.265 0 00-1.427 3.3c-.163.397-.327.807-.493 1.23-.15.38-.297.765-.45 1.164l-.02.06c-.15.396-.3.802-.453 1.22l-.01.027.72-.08a.213.213 0 01-.042-.006c.863-.106 2.01-.75 2.75-1.547.342-.367.652-.8.94-1.306.213-.377.413-.795.604-1.258.168-.405.328-.843.48-1.318-.196.105-.423.18-.673.235a2.184 2.184 0 01-.273.046c.806-.31 1.314-.905 1.683-1.64a2.816 2.816 0 01-.968.428c-.06.012-.116.022-.174.03l-.043.006h.002c.278-.118.514-.248.718-.403a2.571 2.571 0 00.637-.698l.063-.104.077-.154a8.107 8.107 0 00.367-.85l.03-.088a3.04 3.04 0 00.123-.463.733.733 0 01-.094.065c-.243.145-.66.277-.996.34l.663-.074-.664.073h-.017l-.1.017c.006-.003.01-.006.017-.008l-2.265.25-.013.022zM8.27 16.45c-.117.323-.236.654-.355.992l-.005.015c-.016.046-.032.094-.05.142-.08.227-.15.432-.31.9.264.12.475.435.675.793a1.44 1.44 0 00-.466-.99c1.293.06 2.41-.27 2.99-1.217.05-.084.096-.173.14-.268-.26.333-.59.474-1.2.44 0 0-.004 0-.005.002l.004-.002c.9-.404 1.354-.79 1.754-1.433.094-.153.186-.32.28-.503-.788.81-1.702 1.04-2.664.865l-.72.078a6.43 6.43 0 00-.067.183zM15.42.112c-.376.222-1 .85-1.748 1.763l.686 1.294c.48-.687.97-1.307 1.462-1.836l.058-.062c-.02.02-.04.04-.057.062-.16.176-.644.74-1.375 1.863.703-.035 1.784-.18 2.666-.33.262-1.47-.258-2.142-.258-2.142s-.66-1.07-1.436-.61zm-3.084 6.402a40.253 40.253 0 011.306-2.26l.04-.064c.224-.352.45-.693.677-1.02l-.685-1.293-.157.192c-.197.245-.403.51-.613.79a39.853 39.853 0 00-2.016 2.97l-.022.038.893 1.763c.19-.378.38-.752.575-1.118zm-3.73 8.32c.158-.406.319-.81.483-1.225.156-.394.32-.79.484-1.19a91.133 91.133 0 011.6-3.604l.205-.424c.12-.243.237-.485.36-.724a.125.125 0 01.02-.04l-.895-1.763-.044.07c-.207.34-.414.687-.617 1.042a38.056 38.056 0 00-1.092 2.04l-.094.193a24.573 24.573 0 00-1.258 3.087 18.492 18.492 0 00-.52 1.997l.896 1.77c.117-.317.24-.638.364-.963zm-1.376-.476a13.38 13.38 0 00-.234 1.692c0 .02-.004.04-.005.06-.28-.45-1.03-.888-1.026-.884.537.778.944 1.55 1.005 2.31-.29.058-.684-.027-1.14-.195.475.436.83.556.97.588-.434.03-.89.328-1.346.67.668-.27 1.21-.38 1.596-.29-.61 1.74-1.23 3.655-1.843 5.69a.538.538 0 00.364-.354c.11-.368.84-2.786 1.978-5.965l.097-.27.028-.078c.12-.332.246-.672.374-1.02l.09-.237v-.004L7.24 14.3c-.003.02-.01.04-.012.06z\" \/><\/svg><\/span>  <\/font><\/p>\n\n\n\n<div style=\"height:40px\" aria-hidden=\"true\" class=\"wp-block-spacer\"><\/div>\n\n\n\n<h2 class=\"wp-block-heading\">Unsere Kunden:<\/h2>\n\n\n\n<div class=\"wp-block-media-text is-vertically-aligned-center\" style=\"grid-template-columns:15% auto\"><figure class=\"wp-block-media-text__media\"><a href=\"https:\/\/duengerversand.com\" target=\"_blank\" rel=\"noopener noreferrer\"><img loading=\"lazy\" decoding=\"async\" width=\"380\" height=\"108\" src=\"https:\/\/phbh.de\/wp-content\/uploads\/2023\/05\/Logo-mit-rand-340px-11.2021.png\" alt=\"\" class=\"wp-image-190 size-full\" srcset=\"https:\/\/phbh.de\/bartz-it\/wp-content\/uploads\/2023\/05\/Logo-mit-rand-340px-11.2021.png 380w, https:\/\/phbh.de\/bartz-it\/wp-content\/uploads\/2023\/05\/Logo-mit-rand-340px-11.2021-300x85.png 300w\" sizes=\"auto, (max-width: 380px) 100vw, 380px\" \/><\/a><\/figure><div class=\"wp-block-media-text__content\">\n<p class=\"has-background has-very-light-gray-background-color has-normal-font-size\"><font style=\"font-size:27px\"><strong><a href=\"https:\/\/duengerversand.com\">D\u00fcngerversand B&amp;B GbR<\/a><\/strong><\/font><br><i class=\"fa fa-desktop \" ><\/i> Webdesign &#8211; <i class=\"fa fa-refresh \" ><\/i> Intranet &#8211; <i class=\"fa fa-cloud \" ><\/i> Cloud<\/p>\n<\/div><\/div>\n\n\n\n<hr class=\"wp-block-separator has-css-opacity is-style-wide\"\/>\n\n\n\n<div class=\"wp-block-media-text is-vertically-aligned-center\" style=\"grid-template-columns:15% auto\"><figure class=\"wp-block-media-text__media\"><a href=\"http:\/\/www.pferdefreunde-sternenreiter.de\" target=\"_blank\" rel=\"noopener noreferrer\"><img loading=\"lazy\" decoding=\"async\" width=\"1024\" height=\"1024\" src=\"https:\/\/bartz.digital\/wp-content\/uploads\/2022\/08\/Logo-2019-11-1024x1024-1-1024x1024.png\" alt=\"\" class=\"wp-image-32 size-full\" srcset=\"https:\/\/phbh.de\/bartz-it\/wp-content\/uploads\/2022\/08\/Logo-2019-11-1024x1024-1.png 1024w, https:\/\/phbh.de\/bartz-it\/wp-content\/uploads\/2022\/08\/Logo-2019-11-1024x1024-1-300x300.png 300w, https:\/\/phbh.de\/bartz-it\/wp-content\/uploads\/2022\/08\/Logo-2019-11-1024x1024-1-150x150.png 150w, https:\/\/phbh.de\/bartz-it\/wp-content\/uploads\/2022\/08\/Logo-2019-11-1024x1024-1-768x768.png 768w\" sizes=\"auto, (max-width: 1024px) 100vw, 1024px\" \/><\/a><\/figure><div class=\"wp-block-media-text__content\">\n<p class=\"has-background has-very-light-gray-background-color has-normal-font-size\"><font style=\"font-size:27px\"><strong><a rel=\"noreferrer noopener\" href=\"http:\/\/www.pferdefreunde-sternenreiter.de\" target=\"_blank\">Pferdefreunde Sternenreiter Gie\u00dfen e.V.<\/a><\/strong><\/font><br><i class=\"fa fa-desktop \" ><\/i> Webdesign &#8211; <i class=\"fa fa-refresh \" ><\/i> Intranet &#8211; <i class=\"fa fa-cloud \" ><\/i> Cloud<\/p>\n<\/div><\/div>\n\n\n\n<hr class=\"wp-block-separator has-css-opacity is-style-wide\"\/>\n\n\n\n<div class=\"wp-block-media-text is-vertically-aligned-center\" style=\"grid-template-columns:15% auto\"><figure class=\"wp-block-media-text__media\"><a href=\"https:\/\/vdlb.net\" target=\"_blank\" rel=\"noopener noreferrer\"><img loading=\"lazy\" decoding=\"async\" width=\"655\" height=\"444\" src=\"https:\/\/phbh.de\/bartz-it\/wp-content\/uploads\/2026\/02\/Logo-Immobiliendienst-V2-wenig-Rand.png\" alt=\"\" class=\"wp-image-212 size-full\" srcset=\"https:\/\/phbh.de\/bartz-it\/wp-content\/uploads\/2026\/02\/Logo-Immobiliendienst-V2-wenig-Rand.png 655w, https:\/\/phbh.de\/bartz-it\/wp-content\/uploads\/2026\/02\/Logo-Immobiliendienst-V2-wenig-Rand-300x203.png 300w\" sizes=\"auto, (max-width: 655px) 100vw, 655px\" \/><\/a><\/figure><div class=\"wp-block-media-text__content\">\n<p class=\"has-background has-very-light-gray-background-color has-normal-font-size\"><font style=\"font-size:27px\"><strong><a href=\"https:\/\/vdlb.net\" target=\"_blank\" rel=\"noreferrer noopener\">VDLB<\/a><\/strong><\/font><br><i class=\"fa fa-desktop \" ><\/i> Webdesign<\/p>\n<\/div><\/div>\n\n\n\n<hr class=\"wp-block-separator has-css-opacity is-style-wide\"\/>\n\n\n\n<div class=\"wp-block-media-text is-vertically-aligned-center\" style=\"grid-template-columns:15% auto\"><figure class=\"wp-block-media-text__media\"><a href=\"https:\/\/ssr-giessen.de\" target=\"_blank\" rel=\"noopener noreferrer\"><img loading=\"lazy\" decoding=\"async\" width=\"1024\" height=\"926\" src=\"https:\/\/bartz.digital\/wp-content\/uploads\/2022\/08\/oJCBJhuw-e1595804965963-1024x926-1.png\" alt=\"\" class=\"wp-image-34 size-full\" srcset=\"https:\/\/phbh.de\/bartz-it\/wp-content\/uploads\/2022\/08\/oJCBJhuw-e1595804965963-1024x926-1.png 1024w, https:\/\/phbh.de\/bartz-it\/wp-content\/uploads\/2022\/08\/oJCBJhuw-e1595804965963-1024x926-1-300x271.png 300w, https:\/\/phbh.de\/bartz-it\/wp-content\/uploads\/2022\/08\/oJCBJhuw-e1595804965963-1024x926-1-768x695.png 768w\" sizes=\"auto, (max-width: 1024px) 100vw, 1024px\" \/><\/a><\/figure><div class=\"wp-block-media-text__content\">\n<p class=\"has-background has-very-light-gray-background-color has-normal-font-size\"><font style=\"font-size:27px\"><strong><a rel=\"noreferrer noopener\" href=\"https:\/\/ssr-giessen.de\" target=\"_blank\">Stadtsch\u00fclerrat Gie\u00dfen<\/a><\/strong><\/font><br><i class=\"fa fa-desktop \" ><\/i> Webdesign &#8211; <i class=\"fa fa-cloud \" ><\/i> Cloud<\/p>\n<\/div><\/div>\n\n\n\n<hr class=\"wp-block-separator has-css-opacity is-style-wide\"\/>\n\n\n\n<div class=\"wp-block-media-text is-vertically-aligned-center\" style=\"grid-template-columns:15% auto\"><figure class=\"wp-block-media-text__media\"><a href=\"https:\/\/kastanienhof-reitanlage.de\" target=\"_blank\" rel=\"noopener noreferrer\"><img loading=\"lazy\" decoding=\"async\" width=\"940\" height=\"585\" src=\"https:\/\/phbh.de\/wp-content\/uploads\/2023\/05\/IMG-20230509-WA0004.jpg\" alt=\"\" class=\"wp-image-188 size-full\" srcset=\"https:\/\/phbh.de\/bartz-it\/wp-content\/uploads\/2023\/05\/IMG-20230509-WA0004.jpg 940w, https:\/\/phbh.de\/bartz-it\/wp-content\/uploads\/2023\/05\/IMG-20230509-WA0004-300x187.jpg 300w, https:\/\/phbh.de\/bartz-it\/wp-content\/uploads\/2023\/05\/IMG-20230509-WA0004-768x478.jpg 768w\" sizes=\"auto, (max-width: 940px) 100vw, 940px\" \/><\/a><\/figure><div class=\"wp-block-media-text__content\">\n<p class=\"has-background has-very-light-gray-background-color has-normal-font-size\"><font style=\"font-size:27px\"><strong><a href=\"https:\/\/kastanienhof-reitanlage.de\">Reitanlage Kastanienhof<\/a><\/strong><\/font><br><i class=\"fa fa-desktop \" ><\/i> Webdesign<\/p>\n<\/div><\/div>\n\n\n\n<hr class=\"wp-block-separator has-css-opacity is-style-wide\"\/>\n\n\n\n<div class=\"wp-block-media-text is-vertically-aligned-center\" style=\"grid-template-columns:15% auto\"><figure class=\"wp-block-media-text__media\"><a href=\"https:\/\/abonterra.de\" target=\"_blank\" rel=\"noopener noreferrer\"><img loading=\"lazy\" decoding=\"async\" width=\"1024\" height=\"236\" src=\"https:\/\/phbh.de\/wp-content\/uploads\/2023\/05\/Logo-AbonTerra-Stand-2022-1024x236.jpg\" alt=\"\" class=\"wp-image-191 size-full\" srcset=\"https:\/\/phbh.de\/bartz-it\/wp-content\/uploads\/2023\/05\/Logo-AbonTerra-Stand-2022-1024x236.jpg 1024w, https:\/\/phbh.de\/bartz-it\/wp-content\/uploads\/2023\/05\/Logo-AbonTerra-Stand-2022-300x69.jpg 300w, https:\/\/phbh.de\/bartz-it\/wp-content\/uploads\/2023\/05\/Logo-AbonTerra-Stand-2022-768x177.jpg 768w, https:\/\/phbh.de\/bartz-it\/wp-content\/uploads\/2023\/05\/Logo-AbonTerra-Stand-2022-1536x355.jpg 1536w, https:\/\/phbh.de\/bartz-it\/wp-content\/uploads\/2023\/05\/Logo-AbonTerra-Stand-2022.jpg 1720w\" sizes=\"auto, (max-width: 1024px) 100vw, 1024px\" \/><\/a><\/figure><div class=\"wp-block-media-text__content\">\n<p class=\"has-background has-very-light-gray-background-color has-normal-font-size\"><font style=\"font-size:27px\"><strong><a href=\"https:\/\/abonterra.de\">AbonTerra<\/a><\/strong><\/font><br><i class=\"fa fa-desktop \" ><\/i> Webdesign<\/p>\n<\/div><\/div>\n\n\n\n<hr class=\"wp-block-separator has-css-opacity is-style-wide\"\/>\n\n\n\n<div class=\"wp-block-media-text is-vertically-aligned-center\" style=\"grid-template-columns:15% auto\"><figure class=\"wp-block-media-text__media\"><a href=\"https:\/\/xn--schlervertretung-lzb.net\/\" target=\"_blank\" rel=\"noopener noreferrer\"><img loading=\"lazy\" decoding=\"async\" width=\"1024\" height=\"618\" src=\"https:\/\/bartz.digital\/wp-content\/uploads\/2022\/08\/cropped-SSR-gruen-1980x1194-1-1024x618-1.png\" alt=\"\" class=\"wp-image-35 size-full\" srcset=\"https:\/\/phbh.de\/bartz-it\/wp-content\/uploads\/2022\/08\/cropped-SSR-gruen-1980x1194-1-1024x618-1.png 1024w, https:\/\/phbh.de\/bartz-it\/wp-content\/uploads\/2022\/08\/cropped-SSR-gruen-1980x1194-1-1024x618-1-300x181.png 300w, https:\/\/phbh.de\/bartz-it\/wp-content\/uploads\/2022\/08\/cropped-SSR-gruen-1980x1194-1-1024x618-1-768x464.png 768w\" sizes=\"auto, (max-width: 1024px) 100vw, 1024px\" \/><\/a><\/figure><div class=\"wp-block-media-text__content\">\n<p class=\"has-background has-very-light-gray-background-color has-normal-font-size\"><font style=\"font-size:27px\"><strong><a rel=\"noreferrer noopener\" href=\"https:\/\/xn--schlervertretung-lzb.net\/\" target=\"_blank\">Sch\u00fclervertretungen Gie\u00dfen<\/a><\/strong><\/font><br><i class=\"fa fa-desktop \" ><\/i> Webdesign<\/p>\n<\/div><\/div>\n","protected":false},"excerpt":{"rendered":"<p>Wir sind Ihr Partner inProgrammierung und Design Die Erstellung einer ansprechenden Web-Pr\u00e4senz nach modernsten Gesichtspunkten zur Steigerung der Bekanntheit, der Neukundengewinnung und Kunden-Information ist heutzutage wichtiger denn je. Vor allem die Coronakrise f\u00fchrt viele Kunden immer st\u00e4rker in die digitale Welt. Viele Kunden nutzen daf\u00fcr gro\u00dfe Plattformen, wie Amazon, Google oder Alibaba. Dennoch wollen die &#8230; <a title=\"Bartz-IT\" class=\"read-more\" href=\"https:\/\/phbh.de\/bartz-it\/\" aria-label=\"Mehr dazu unter Bartz-IT\">Weiterlesen<\/a><\/p>\n","protected":false},"author":1,"featured_media":0,"parent":0,"menu_order":0,"comment_status":"closed","ping_status":"closed","template":"","meta":{"footnotes":""},"class_list":["post-18","page","type-page","status-publish"],"_links":{"self":[{"href":"https:\/\/phbh.de\/bartz-it\/wp-json\/wp\/v2\/pages\/18","targetHints":{"allow":["GET"]}}],"collection":[{"href":"https:\/\/phbh.de\/bartz-it\/wp-json\/wp\/v2\/pages"}],"about":[{"href":"https:\/\/phbh.de\/bartz-it\/wp-json\/wp\/v2\/types\/page"}],"author":[{"embeddable":true,"href":"https:\/\/phbh.de\/bartz-it\/wp-json\/wp\/v2\/users\/1"}],"replies":[{"embeddable":true,"href":"https:\/\/phbh.de\/bartz-it\/wp-json\/wp\/v2\/comments?post=18"}],"version-history":[{"count":10,"href":"https:\/\/phbh.de\/bartz-it\/wp-json\/wp\/v2\/pages\/18\/revisions"}],"predecessor-version":[{"id":215,"href":"https:\/\/phbh.de\/bartz-it\/wp-json\/wp\/v2\/pages\/18\/revisions\/215"}],"wp:attachment":[{"href":"https:\/\/phbh.de\/bartz-it\/wp-json\/wp\/v2\/media?parent=18"}],"curies":[{"name":"wp","href":"https:\/\/api.w.org\/{rel}","templated":true}]}}